t j(k) = -k**2 + 24. Calculate j(-9).
-57
Let k(v) = 56*v + 734. Determine k(-13).
6
Let r(q) = -q**2 + 3*q + 11. What is r(-3)?
-7
Let z(p) = -p**3 - 13*p**2 + 13*p - 1. What is z(-4)?
-197
Let x(i) = 5630*i - 11261. What is x(2)?
-1
Let i(d) = -d**2 - 58*d - 161. What is i(-62)?
-409
Let h(w) = 82*w - 246. What is h(-3)?
-492
Let f(c) = 53*c + 500. Determine f(-9).
23
Let a(u) = 17*u**2 - 8*u + 46. What is a(4)?
286
Let q(f) = 2*f**3 + 26*f**2 - 20*f - 244. Determine q(-13).
16
Let y(j) = 89*j**2 - 3651*j + 91. Determine y(41).
9
Let t(c) = -71*c - 3696. Give t(-55).
209
Let k(b) = 20*b**2 + 3845*b + 966. Calculate k(-192).
6
Let m(z) = -z**2 - 6*z + 264. Calculate m(-16).
104
Let f(u) = -17*u**3 + 2*u**2 - 4*u + 5. What is f(2)?
-131
Let l(g) = -11*g**2 - 1197*g + 223. Determine l(-109).
5
Let x(q) = -3*q**3 + 16*q**2 + 56*q + 3. Determine x(0).
3
Let i(c) = 2*c**2 + 26*c - 337. Determine i(-19).
-109
Let u(z) = -411*z + 22203. Give u(54).
9
Let g(r) = r**3 + 251*r**2 + 1711*r + 16. Give g(-7).
-5
Let i(p) = -p**2 + 101*p - 367. Calculate i(97).
21
Let m(i) = -i**3 - 127*i**2 - 488*i + 428. Calculate m(-123).
-64
Let d(t) = 11*t**3 - 2*t**2 + 9*t - 7. Determine d(1).
11
Let b(s) = s**3 - 43*s**2 - 37*s - 299. Calculate b(44).
9
Let m(g) = g**2 - 262*g - 2186. Calculate m(-8).
-26
Let z(y) = 12075*y + 60363. Give z(-5).
-12
Let d(q) = -q**2 + 72*q - 594. Calculate d(64).
-82
Let s(p) = -2*p**2 - 16*p - 40. Give s(-11).
-106
Let x(f) = 2*f**2 + 53*f - 1174. What is x(-40)?
-94
Let o(t) = -52*t + 878. Give o(17).
-6
Let p(t) = -t**3 + 27*t**2 - 11*t + 281. Calculate p(27).
-16
Let h(t) = t**2 + 37*t + 82. Calculate h(-26).
-204
Let i(t) = 3*t**2 - 60*t - 76. Determine i(21).
-13
Let r(c) = -4*c**2 + 30*c + 12. Calculate r(7).
26
Let m(f) = -120*f + 2380. Determine m(20).
-20
Let n(b) = b**2 + 4*b + 20. Calculate n(-2).
16
Let v(a) = 3*a**3 + 7*a**2 - 7*a + 4. Calculate v(-5).
-161
Let m(b) = -b**2 - 23*b + 99. Determine m(-28).
-41
Let b(j) = 2*j**2 + 19*j - 63. What is b(-10)?
-53
Let l(s) = 12*s**2 - 127*s + 67. What is l(10)?
-3
Let d(s) = 3*s**2 + 6*s - 31. Determine d(-5).
14
Let l(v) = -33*v - 364. What is l(-12)?
32
Let n(b) = -9*b**2 - b + 51. Give n(6).
-279
Let x(b) = 8*b**2 + 48*b + 10. Give x(-10).
330
Let i(x) = 11*x**2 - 172*x + 11. Calculate i(16).
75
Let a(p) = -2*p**2 + 51*p + 18. Calculate a(26).
-8
Let h(c) = -16*c + 534. What is h(31)?
38
Let n(u) = -7*u**3 - 47*u**2 + 2*u - 59. What is n(-7)?
25
Let s(v) = 19*v - 3629. What is s(191)?
0
Let w(z) = 3*z**2 + 32*z + 82. Calculate w(-4).
2
Let t(p) = -36*p**2 + 352*p + 1506. What is t(13)?
-2
Let a(t) = 27*t - 195. Give a(-3).
-276
Let g(y) = 29*y - 227. Determine g(0).
-227
Let t(q) = -q**3 + 3*q**2 + 131*q + 220. What is t(-9)?
13
Let p(r) = -4*r**3 - 7*r**2 - 19*r - 44. What is p(-3)?
58
Let h(j) = 3*j**3 + 54*j**2 + 4*j + 78. Give h(-18).
6
Let r(x) = -x**3 - 8*x**2 + 34*x + 27. What is r(-10)?
-113
Let a(z) = 15*z**3 - 6*z**2 - 6*z + 2. Calculate a(-1).
-13
Let n(p) = -p**3 - 33*p**2 + 95*p - 481. Give n(-36).
-13
Let m(d) = -d**3 - 23*d**2 + 22*d - 35. What is m(-24)?
13
Let a(f) = 27*f + 276. Determine a(-13).
-75
Let d(n) = 2*n**3 + 13*n**2 + 26*n + 11. What is d(-6)?
-109
Let n(v) = -6*v**2 + 41*v + 155. Calculate n(9).
38
Let n(b) = -193*b - 959. Give n(-5).
6
Let z(s) = -133*s - 3248. Determine z(-22).
-322
Let s(l) = -26*l**2 - 3*l - 4. Give s(-2).
-102
Let r(o) = o**3 - 9*o**2 - o + 81. Give r(6).
-33
Let o(f) = -3157*f + 3158. Calculate o(1).
1
Let y(r) = -r**3 + 12*r**2 + 8*r - 18. Calculate y(13).
-83
Let z(k) = 128*k - 2036. Calculate z(20).
524
Let w(l) = l**3 - 26*l**2 + 142*l + 28. Give w(8).
12
Let s(h) = 16*h**3 - 6*h**2 - 10*h - 6. What is s(-2)?
-138
Let p(q) = -q**3 - 11*q**2 - 24*q - 253. Determine p(-11).
11
Let j(l) = -13*l**2 - 10*l + 2. Calculate j(-2).
-30
Let i(d) = 160*d - 186. What is i(1)?
-26
Let q(l) = -3*l**2 + 148*l + 1170. Determine q(-7).
-13
Let b(i) = 610*i + 4265. Give b(-7).
-5
Let u(v) = -2*v**2 + 32*v + 61. Give u(-2).
-11
Let z(h) = -205*h + 21. What is z(1)?
-184
Let w(r) = r**3 + 34*r**2 - 239*r + 29. What is w(-40)?
-11
Let a(g) = 2*g**2 + 159*g + 717. What is a(-75)?
42
Let z(h) = -759*h + 85757. Give z(113).
-10
Let p(a) = a**3 - 25*a**2 + 5*a + 5. What is p(23)?
-938
Let y(t) = 22*t**2 + 6*t - 4. Calculate y(1).
24
Let g(r) = -13*r**2 - 176*r - 63. Calculate g(-13).
28
Let o(w) = -3*w**3 + 13*w**2 + 67*w + 20. Calculate o(9).
-511
Let p(l) = l**3 - 13*l**2 - 48*l - 28. What is p(17)?
312
Let z(o) = -4*o**3 - 62*o**2 - 127*o - 2. Calculate z(-2).
36
Let w(p) = 3*p**3 - 12*p**2 - 54*p + 27. Calculate w(-3).
0
Let d(l) = -100*l + 1407. Determine d(14).
7
Let t(l) = l**3 + l**2 - 231*l + 160. Give t(0).
160
Let v(b) = b**2 + 9*b - 78. Determine v(6).
12
Let u(i) = -3*i**2 - 213*i + 2426. What is u(-81)?
-4
Let n(t) = -1191*t + 2380. Determine n(2).
-2
Let t(v) = -82*v + 7533. Give t(92).
-11
Let g(f) = 327*f**3 - 2*f**2 - 7*f - 5. Give g(-1).
-327
Let f(y) = -y**2 + 47*y + 120. Determine f(55).
-320
Let o(y) = 47*y + 515. Determine o(-13).
-96
Let x(w) = -2*w**3 + 15*w**2 + 2*w + 5. What is x(8)?
-43
Let j(o) = -o**3 + 20*o**2 - 63*o - 6. What is j(16)?
10
Let u(a) = 2221*a - 1. What is u(0)?
-1
Let z(o) = 20*o**2 + 4700*o + 5. Give z(-235).
5
Let n(f) = -2*f**2 - 56*f - 403. What is n(-10)?
-43
Let t(u) = 9*u**2 + 799*u + 696. Give t(-88).
80
Let z(l) = 2*l**2 - 25*l + 44. Give z(10).
-6
Let s(j) = 119*j + 752. Give s(-5).
157
Let u(c) = -30*c**2 + 79*c + 72. Determine u(-1).
-37
Let y(r) = -8*r - 124. What is y(-10)?
-44
Let l(v) = -v**3 + 9*v**2 + 38*v + 42. Give l(12).
66
Let x(v) = -v**3 - 6*v**2 - 13*v + 8. Calculate x(-4).
28
Let w(i) = -i**2 + 4*i + 134. Calculate w(15).
-31
Let s(d) = -d**3 - 10*d**2 - 38*d - 385. What is s(-10)?
-5
Let z(p) = -1092*p + 7641. Determine z(7).
-3
Let g(l) = 2*l**2 - 31*l - 52. Give g(16).
-36
Let v(t) = 125*t + 16406. Determine v(-131).
31
Let y(v) = -197*v + 1562. Calculate y(5).
577
Let j(f) = f**3 + 3*f**2 - 4*f + 457. What is j(0)?
457
Let c(l) = -7*l**2 + 503*l - 470. Determine c(71).
-44
Let a(f) = -2832*f - 48161. What is a(-17)?
-17
Let p(c) = -5*c**2 - 7*c + 27. Determine p(2).
-7
Let s(a) = 22*a - 298. Calculate s(10).
-78
Let a(r) = 43*r**2 - 1250*r + 18. What is a(29)?
-69
Let c(w) = -5*w**2 - 62*w - 207. What is c(-5)?
-22
Let x(q) = 2*q**3 + 5*q**2 - 6*q - 5. Determine x(-6).
-221
Let t(n) = -352*n - 2114. What is t(-6)?
-2
Let x(l) = -l**3 + 8*l**2 - 11*l + 20. What is x(11)?
-464
Let j(a) = 2*a**2 - 243*a + 1605. Determine j(7).
2
Let t(k) = -k**3 + 18*k**2 - 39*k + 24. Determine t(16).
-88
Let c(m) = 41*m + 10. Calculate c(3).
133
Let v(u) = 4*u**2 - 318*u + 33. What is v(79)?
-125
Let w(n) = -n**2 + 38*n + 165. Determine w(41).
42
Let h(r) = 129*r - 1285. Calculate h(10).
5
Let i(j) = j**2 - 174*j + 1112. What is i(7)?
-57
Let f(w) = -1577*w - 25216. Give f(-16).
16
Let n(h) = h**3 + 50*h**2 - 336*h + 5. Calculate n(6).
5
Let h(d) = 11*d + 425. Give h(-88).
-543
Let a(u) = 31*u**3 + 189*u**2 + 34*u + 97. What is a(-6)?
1
Let k(a) = -241*a**2 - 213*a - 2. Calculate k(-1).
-30
Let o(f) = -208*f - 2696. Calculate o(-14).
216
Let d(m) = m**3 + 7*m**2 - 122*m - 74. Give d(-15).
-44
Let x(f) = -219*f + 876. Give x(4).
0
Let p(a) = 13*a - 273. What is p(21)?
0
Let z(c) = -c**2 + 43*c + 388. Determine z(51).
-20
Let k(d) = -8820*d - 8827. Give k(-1).
-7
Let t(l) = l**2 - 106*l - 445. Calculate t(-4).
-5
Let k(s) = 1982*s + 11912. What is k(-6)?
20
Let g(i) = 17*i**2 + 339*i - 21. Determine g(-20).
-1
Let f(c) = -c**2 + 34*c - 18. What is f(27)?
171
Let v(b) = -5*b**2 - 5*b + 490. Determine v(-9).
130
Let y(l) = -221*l - 33852. Give y(-153).
-39
Let b(o) = o**3 - 2*o**2 + 58*o - 173. Give b(3).
10
Let g(v) = -v**3 + 122*v**2 - 105*v + 12809. Give g(122).
-1
Let l(v) = 98*v - 16869. Determine l(172).
-13
Let g(h) = -196*h + 3568. Give g(18).
40
Let c(w) = 19*w**3 - w**2 + 79*w + 80. Determine c(-1).
-19
Let w(a) = -120*a - 2880. Calculate w(-24).
0
Let k(b) = -37*b**2 + 150*b + 9. What is k(2)?
161
Let h(d) = 78*d**3 - d**2 + d + 2. Determine h(-1).
-78
Let s(r) = r**2 + 19*r - 9. Give s(-19).
-9
Let h(b) = -48*b + 285. Calculate h(10).
-195
Let h(u) = -68*u + 2066. Give h(3